{"id":4795,"date":"2020-12-30T17:44:09","date_gmt":"2020-12-30T17:44:09","guid":{"rendered":"http:\/\/portaileduc.net\/website\/?page_id=4795"},"modified":"2020-12-30T18:14:43","modified_gmt":"2020-12-30T18:14:43","slug":"helene-renard","status":"publish","type":"page","link":"https:\/\/portaileduc.net\/website\/helene-renard\/","title":{"rendered":"H\u00e9l\u00e8ne Renard"},"content":{"rendered":"<div class=\"CjVfdc\">H\u00e9l\u00e8ne Renard est institutrice en 2\u00e8me primaire.<\/div>\n<div><a href=\"https:\/\/i0.wp.com\/portaileduc.net\/website\/wp-content\/uploads\/2020\/12\/Helene.jpg\"><img data-recalc-dims=\"1\" loading=\"lazy\" decoding=\"async\" class=\"size-medium wp-image-4796 alignright\" src=\"https:\/\/i0.wp.com\/portaileduc.net\/website\/wp-content\/uploads\/2020\/12\/Helene-300x300.jpg?resize=300%2C300\" alt=\"\" width=\"300\" height=\"300\" srcset=\"https:\/\/i0.wp.com\/portaileduc.net\/website\/wp-content\/uploads\/2020\/12\/Helene.jpg?resize=300%2C300&amp;ssl=1 300w, https:\/\/i0.wp.com\/portaileduc.net\/website\/wp-content\/uploads\/2020\/12\/Helene.jpg?resize=150%2C150&amp;ssl=1 150w, https:\/\/i0.wp.com\/portaileduc.net\/website\/wp-content\/uploads\/2020\/12\/Helene.jpg?resize=768%2C767&amp;ssl=1 768w, https:\/\/i0.wp.com\/portaileduc.net\/website\/wp-content\/uploads\/2020\/12\/Helene.jpg?resize=50%2C50&amp;ssl=1 50w, https:\/\/i0.wp.com\/portaileduc.net\/website\/wp-content\/uploads\/2020\/12\/Helene.jpg?resize=70%2C70&amp;ssl=1 70w, https:\/\/i0.wp.com\/portaileduc.net\/website\/wp-content\/uploads\/2020\/12\/Helene.jpg?resize=246%2C246&amp;ssl=1 246w, https:\/\/i0.wp.com\/portaileduc.net\/website\/wp-content\/uploads\/2020\/12\/Helene.jpg?resize=276%2C276&amp;ssl=1 276w, https:\/\/i0.wp.com\/portaileduc.net\/website\/wp-content\/uploads\/2020\/12\/Helene.jpg?resize=125%2C125&amp;ssl=1 125w, https:\/\/i0.wp.com\/portaileduc.net\/website\/wp-content\/uploads\/2020\/12\/Helene.jpg?w=939&amp;ssl=1 939w\" sizes=\"auto, (max-width: 300px) 100vw, 300px\" \/><\/a><\/div>\n","protected":false},"excerpt":{"rendered":"<p>H\u00e9l\u00e8ne Renard est institutrice en 2\u00e8me primaire.<\/p>\n","protected":false},"author":2,"featured_media":0,"parent":0,"menu_order":0,"comment_status":"closed","ping_status":"closed","template":"","meta":{"jetpack_post_was_ever_published":false,"footnotes":""},"class_list":["post-4795","page","type-page","status-publish","czr-hentry"],"jetpack_sharing_enabled":true,"jetpack_shortlink":"https:\/\/wp.me\/P6aRPV-1fl","jetpack-related-posts":[],"jetpack_likes_enabled":true,"_links":{"self":[{"href":"https:\/\/portaileduc.net\/website\/wp-json\/wp\/v2\/pages\/4795","targetHints":{"allow":["GET"]}}],"collection":[{"href":"https:\/\/portaileduc.net\/website\/wp-json\/wp\/v2\/pages"}],"about":[{"href":"https:\/\/portaileduc.net\/website\/wp-json\/wp\/v2\/types\/page"}],"author":[{"embeddable":true,"href":"https:\/\/portaileduc.net\/website\/wp-json\/wp\/v2\/users\/2"}],"replies":[{"embeddable":true,"href":"https:\/\/portaileduc.net\/website\/wp-json\/wp\/v2\/comments?post=4795"}],"version-history":[{"count":1,"href":"https:\/\/portaileduc.net\/website\/wp-json\/wp\/v2\/pages\/4795\/revisions"}],"predecessor-version":[{"id":4797,"href":"https:\/\/portaileduc.net\/website\/wp-json\/wp\/v2\/pages\/4795\/revisions\/4797"}],"wp:attachment":[{"href":"https:\/\/portaileduc.net\/website\/wp-json\/wp\/v2\/media?parent=4795"}],"curies":[{"name":"wp","href":"https:\/\/api.w.org\/{rel}","templated":true}]}}

Hélène Renard

<div class="CjVfdc">Hélène Renard est institutrice en 2ème primaire.</div>
<div><a href="https://i0.wp.com/portaileduc.net/website/wp-content/uploads/2020/12/Helene.jpg"><img data-recalc-dims="1" loading="lazy" decoding="async" class="size-medium wp-image-4796 alignright" src="https://i0.wp.com/portaileduc.net/website/wp-content/uploads/2020/12/Helene-300x300.jpg?resize=300%2C300" alt="" width="300" height="300" srcset="https://i0.wp.com/portaileduc.net/website/wp-content/uploads/2020/12/Helene.jpg?resize=300%2C300&amp;ssl=1 300w, https://i0.wp.com/portaileduc.net/website/wp-content/uploads/2020/12/Helene.jpg?resize=150%2C150&amp;ssl=1 150w, https://i0.wp.com/portaileduc.net/website/wp-content/uploads/2020/12/Helene.jpg?resize=768%2C767&amp;ssl=1 768w, https://i0.wp.com/portaileduc.net/website/wp-content/uploads/2020/12/Helene.jpg?resize=50%2C50&amp;ssl=1 50w, https://i0.wp.com/portaileduc.net/website/wp-content/uploads/2020/12/Helene.jpg?resize=70%2C70&amp;ssl=1 70w, https://i0.wp.com/portaileduc.net/website/wp-content/uploads/2020/12/Helene.jpg?resize=246%2C246&amp;ssl=1 246w, https://i0.wp.com/portaileduc.net/website/wp-content/uploads/2020/12/Helene.jpg?resize=276%2C276&amp;ssl=1 276w, https://i0.wp.com/portaileduc.net/website/wp-content/uploads/2020/12/Helene.jpg?resize=125%2C125&amp;ssl=1 125w, https://i0.wp.com/portaileduc.net/website/wp-content/uploads/2020/12/Helene.jpg?w=939&amp;ssl=1 939w" sizes="auto, (max-width: 300px) 100vw, 300px" /></a></div>

<p>Hélène Renard est institutrice en 2ème primaire.</p>
