{"id":177,"date":"2016-01-17T09:48:14","date_gmt":"2016-01-17T09:48:14","guid":{"rendered":"http:\/\/portaileduc.net\/website\/?page_id=177"},"modified":"2020-12-30T19:09:45","modified_gmt":"2020-12-30T19:09:45","slug":"lhistorique-du-projet","status":"publish","type":"page","link":"https:\/\/portaileduc.net\/website\/lhistorique-du-projet\/","title":{"rendered":"L&rsquo;historique du projet"},"content":{"rendered":"<h3><strong>PortailEduc.fr.st, un premier portail de sites web pour l\u2019enseignement<\/strong><\/h3>\n<p>Le projet \u00ab\u00a0PortailEduc\u00a0\u00bb a vu le jour au d\u00e9but des ann\u00e9es 2000, dans le cadre de ma fonction de formateur au sein du projet CyberEcoles. Afin de r\u00e9pondre \u00e0 la demande des enseignants suivant les journ\u00e9es de formation, un annuaire de sites internet en lien avec l\u2019enseignement avait \u00e9t\u00e9 r\u00e9alis\u00e9 par l\u2019\u00e9quipe de formateurs. Plusieurs centaines de sites \u00e9taient ainsi r\u00e9pertori\u00e9s dans un document remis \u00e0 chaque \u00e9cole \u00e0 l\u2019occasion des journ\u00e9es de formation. Soumis \u00e0 des imp\u00e9ratifs budg\u00e9taires, le document remis, qui contenait \u00e9galement de nombreuses ressources techniques, n\u2019\u00e9tait d\u00e9pos\u00e9 qu\u2019en un unique exemplaire par \u00e9tablissement. Afin de permettre une consultation par l\u2019ensemble de l\u2019\u00e9quipe p\u00e9dagogique, le r\u00e9pertoire des sites avait \u00e9t\u00e9 mis en ligne \u00e0 l\u2019adresse <a href=\"http:\/\/www.portaileduc.fr.st\">www.portaileduc.fr.st<\/a>.<\/p>\n<p>Outre l\u2019accessibilit\u00e9 de l\u2019information, la mise en ligne du r\u00e9pertoire permettait d\u2019acc\u00e9der directement aux sites list\u00e9s, dont les URL \u00e9taient parfois longues et propices aux erreurs de retranscription. Rappelons, \u00e0 toutes fins utiles, qu\u2019\u00e0 cette \u00e9poque, il existait relativement peu de portails \u00e9ducatifs et que les moteurs de recherches tels que Google n\u2019avaient pas encore la puissance et le succ\u00e8s qu\u2019on leur conna\u00eet aujourd\u2019hui. La fin du projet CyberEcoles, tout au moins dans l\u2019organisation des formations, sonna le glas du portail \u00e9ducatif. Il resta en ligne quelques ann\u00e9es, sans \u00eatre remis \u00e0 jour. H\u00e9berg\u00e9 gratuitement via Multimania, le site ne r\u00e9sista au temps et aux modifications des conditions d\u2019h\u00e9bergement et disparut donc de la toile.<\/p>\n<p>&nbsp;<\/p>\n<h3><strong>PortailEduc.net, la renaissance du projet et son int\u00e9gration dans un contexte de recherche<\/strong><\/h3>\n<p>A l\u2019aube de ma recherche doctorale, j&rsquo;avais \u00e9mis l\u2019hypoth\u00e8se que le projet pourrait s\u2019av\u00e9rer utile comme outil de recherche, tout en pr\u00e9sentant un int\u00e9r\u00eat professionnel pour mes fonctions d\u2019enseignant et de formateur. Afin de garantir la p\u00e9rennit\u00e9 du projet, et sur base de l\u2019exp\u00e9rience ant\u00e9rieure, un h\u00e9bergement fut acquis, tout comme le nom de domaine <a href=\"http:\/\/www.portaileduc.net\">www.portaileduc.net<\/a>.<\/p>\n<p>Le site constitua avant tout une porte d\u2019entr\u00e9e pour l\u2019enqu\u00eate que je menais aupr\u00e8s des enseignants. En parall\u00e8le de l\u2019enqu\u00eate, le site h\u00e9bergeait alors deux sections distinctes\u00a0: PortailEduc APEL, une plate-forme Moodle accueillant une s\u00e9rie de cours et de formations et PortailEduc Wiki, un wiki bas\u00e9 sur le mod\u00e8le de la c\u00e9l\u00e8bre encyclop\u00e9die collaborative Wikip\u00e9dia et bas\u00e9 sur la technologie MediaWiki. L\u2019id\u00e9e initiale \u00e9tait d\u2019enrichir ce wiki par diverses ressources \u00e9mergeant au cours de ma recherche. Toutefois, au fil du temps, je me suis rendu compte que ce mode de diffusion ne semblait pas convenir. Le projet \u00ab\u00a0PortailEduc Wiki\u00a0\u00bb fut donc stopp\u00e9.<\/p>\n<p>Au fil du temps, le projet PortailEduc s\u2019est enrichi de diverses composantes. La plus importante fut l\u2019annuaire de sites internet en lien avec l\u2019\u00e9ducation et l\u2019enseignement. Bien que disposant d\u2019un r\u00e9pertoire d\u00e9j\u00e0 cons\u00e9quent sur le sujet, ce n\u2019est donc qu\u2019en 2010 que le r\u00e9pertoire fut mis en ligne, s\u2019enrichissant par ailleurs des sites propos\u00e9s par les enseignants durant l\u2019enqu\u00eate.<\/p>\n<p>En 2015, l\u2019annuaire comptait plus de 720 sites r\u00e9partis dans 71 cat\u00e9gories. Il ne s\u2019adresse pas uniquement aux enseignants du primaire mais concerne aussi l\u2019enseignement secondaire et sup\u00e9rieur et, plus largement, la formation et l\u2019\u00e9ducation au sens large. Les cat\u00e9gories ont \u00e9t\u00e9 \u00e9tablies selon le syst\u00e8me de la <em>classification<\/em> d\u00e9cimale de <em>Dewey<\/em>, syst\u00e8me visant \u00e0 classer l&rsquo;ensemble du fonds documentaire d&rsquo;une biblioth\u00e8que. Pour les besoins du classement, et afin de r\u00e9pondre aux attentes des enseignants, j&rsquo;ai l\u00e9g\u00e8rement adapt\u00e9 certaines cat\u00e9gories.<\/p>\n<p>&nbsp;<\/p>\n<h3><strong>PortailEduc.net, l&rsquo;\u00e9volution<\/strong><\/h3>\n<p>Le web 2.0 nous a permis de d\u00e9velopper davantage le projet et, surtout, son site web. Repens\u00e9 pour le rendre plus ergonomique mais aussi plus adapt\u00e9 aux besoins des utilisateurs, celui-ci s&rsquo;est enrichi de nombreux articles.<\/p>\n<p>Notre pr\u00e9sence s&rsquo;est aussi manifest\u00e9e sur les r\u00e9seaux sociaux, sur <strong><a href=\"https:\/\/www.facebook.com\/PortailEduc\">Facebook<\/a> <\/strong>et sur <strong><a href=\"https:\/\/twitter.com\/portaileduc\">Twitter<\/a><\/strong>.<\/p>\n<p>En 2019, nous avons lanc\u00e9 l&rsquo;Atelier de Ludo, un espace d\u00e9di\u00e9 au jeu, dans toutes ses dimensions. Jeu de plateau, Escape Game (p\u00e9dagogique), jeu vid\u00e9o, \u2026 Nous partageons dans cet espace nos trouvailles, nos coups de c\u0153ur mais aussi des pistes pour explorer et exploiter le jeu en classe et\/ou en formation.<\/p>\n<p>Fin 2020, notre site compte plus d&rsquo;un million de visites !<\/p>\n<p><strong>Merci \u00e0 vous pour votre soutien et votre confiance !!!<\/strong><\/p>\n","protected":false},"excerpt":{"rendered":"<p>PortailEduc.fr.st, un premier portail de sites web pour l\u2019enseignement Le projet \u00ab\u00a0PortailEduc\u00a0\u00bb a vu le jour au d\u00e9but des ann\u00e9es 2000, dans le cadre de ma fonction de formateur au sein du projet CyberEcoles. Afin de r\u00e9pondre \u00e0 la demande des enseignants suivant les journ\u00e9es de formation, un annuaire de sites internet en lien avec [&hellip;]<\/p>\n","protected":false},"author":2,"featured_media":0,"parent":0,"menu_order":0,"comment_status":"closed","ping_status":"closed","template":"","meta":{"jetpack_post_was_ever_published":false,"footnotes":""},"class_list":["post-177","page","type-page","status-publish","czr-hentry"],"jetpack_sharing_enabled":true,"jetpack_shortlink":"https:\/\/wp.me\/P6aRPV-2R","jetpack-related-posts":[],"jetpack_likes_enabled":true,"_links":{"self":[{"href":"https:\/\/portaileduc.net\/website\/wp-json\/wp\/v2\/pages\/177","targetHints":{"allow":["GET"]}}],"collection":[{"href":"https:\/\/portaileduc.net\/website\/wp-json\/wp\/v2\/pages"}],"about":[{"href":"https:\/\/portaileduc.net\/website\/wp-json\/wp\/v2\/types\/page"}],"author":[{"embeddable":true,"href":"https:\/\/portaileduc.net\/website\/wp-json\/wp\/v2\/users\/2"}],"replies":[{"embeddable":true,"href":"https:\/\/portaileduc.net\/website\/wp-json\/wp\/v2\/comments?post=177"}],"version-history":[{"count":6,"href":"https:\/\/portaileduc.net\/website\/wp-json\/wp\/v2\/pages\/177\/revisions"}],"predecessor-version":[{"id":4835,"href":"https:\/\/portaileduc.net\/website\/wp-json\/wp\/v2\/pages\/177\/revisions\/4835"}],"wp:attachment":[{"href":"https:\/\/portaileduc.net\/website\/wp-json\/wp\/v2\/media?parent=177"}],"curies":[{"name":"wp","href":"https:\/\/api.w.org\/{rel}","templated":true}]}}